{"id":76,"date":"2014-10-11T10:04:58","date_gmt":"2014-10-11T08:04:58","guid":{"rendered":"http:\/\/www.marticole.de\/?page_id=76"},"modified":"2014-10-11T10:04:58","modified_gmt":"2014-10-11T08:04:58","slug":"willkommen","status":"publish","type":"page","link":"https:\/\/www.marticole.de\/","title":{"rendered":"Willkommen"},"content":{"rendered":"<p>Herzlich willkommen auf der Webseite der Familie Bauer.<\/p>\n<p>F\u00fcr Besucher ist hier aktuell noch wenig zu sehen, ich lasse mir aber noch was einfallen.<\/p>\n<p>F\u00fcr alle Freunde und Bekannte mit einem Login stehen weitere Funktionen zur Verf\u00fcgung.<\/p>\n","protected":false},"excerpt":{"rendered":"<p>Herzlich willkommen auf der Webseite der Familie Bauer. F\u00fcr Besucher ist hier aktuell noch wenig zu sehen, ich lasse mir aber noch was einfallen. F\u00fcr alle Freunde und Bekannte mit einem Login stehen weitere Funktionen zur Verf\u00fcgung.<\/p>\n","protected":false},"author":1,"featured_media":0,"parent":0,"menu_order":0,"comment_status":"closed","ping_status":"closed","template":"","meta":{"footnotes":""},"class_list":["post-76","page","type-page","status-publish","hentry"],"_links":{"self":[{"href":"https:\/\/www.marticole.de\/index.php?rest_route=\/wp\/v2\/pages\/76","targetHints":{"allow":["GET"]}}],"collection":[{"href":"https:\/\/www.marticole.de\/index.php?rest_route=\/wp\/v2\/pages"}],"about":[{"href":"https:\/\/www.marticole.de\/index.php?rest_route=\/wp\/v2\/types\/page"}],"author":[{"embeddable":true,"href":"https:\/\/www.marticole.de\/index.php?rest_route=\/wp\/v2\/users\/1"}],"replies":[{"embeddable":true,"href":"https:\/\/www.marticole.de\/index.php?rest_route=%2Fwp%2Fv2%2Fcomments&post=76"}],"version-history":[{"count":1,"href":"https:\/\/www.marticole.de\/index.php?rest_route=\/wp\/v2\/pages\/76\/revisions"}],"predecessor-version":[{"id":77,"href":"https:\/\/www.marticole.de\/index.php?rest_route=\/wp\/v2\/pages\/76\/revisions\/77"}],"wp:attachment":[{"href":"https:\/\/www.marticole.de\/index.php?rest_route=%2Fwp%2Fv2%2Fmedia&parent=76"}],"curies":[{"name":"wp","href":"https:\/\/api.w.org\/{rel}","templated":true}]}}